-142 + -5?
-147
In base 13, what is 2b8 - 4?
2b4
In base 8, what is -30 - 66?
-116
In base 16, what is 174 - 1?
173
In base 5, what is 2 + 10202?
10204
In base 10, what is 1625 + -5?
1620
In base 10, what is 1 - 3?
-2
In base 13, what is 64 + -2?
62
In base 10, what is -5 + 126?
121
In base 11, what is 1749 - 2?
1747
In base 14, what is 23 - -15?
38
In base 11, what is -6 - 699?
-6a4
In base 7, what is -5 + -205?
-213
In base 14, what is 6401 + 3?
6404
In base 16, what is 3 - -8?
b
In base 2, what is -1111111 + -1001?
-10001000
In base 13, what is 4 - -31?
35
In base 7, what is 5 + 11660?
11665
In base 2, what is 11000011 - 11?
11000000
In base 5, what is -22423 - -1?
-22422
In base 8, what is 12 + 1520?
1532
In base 5, what is -3 + 102103?
102100
In base 8, what is -5 - 260?
-265
In base 15, what is 4 + 54?
58
In base 2, what is 0 + -1000111?
-1000111
In base 11, what is 38 - -16?
53
In base 4, what is 11 + -3?
2
In base 4, what is 11 + -13230?
-13213
In base 10, what is 7608 - 5?
7603
In base 2, what is 1011 + 1000100?
1001111
In base 11, what is -404 - -3?
-401
In base 2, what is -10001000101 + 1?
-10001000100
In base 9, what is -62 + 26?
-35
In base 6, what is -10 - 115?
-125
In base 5, what is 423 + 1?
424
In base 9, what is 3 + -171?
-167
In base 3, what is 10 - 12222021?
-12222011
In base 2, what is -1000 - 110010111?
-110011111
In base 15, what is -1 - -12e2?
12e1
In base 5, what is 4 + -20420?
-20411
In base 10, what is 10 + -93?
-83
In base 11, what is -3 + 138?
135
In base 9, what is -64 + 144?
70
In base 15, what is 5 + 1716?
171b
In base 13, what is 79b + 3?
7a1
In base 3, what is -10122 - 1?
-10200
In base 13, what is 7 + -41?
-37
In base 10, what is 52 + 169?
221
In base 7, what is -1 + -101?
-102
In base 11, what is -5a + -50?
-aa
In base 13, what is -2b + 4?
-27
In base 16, what is 3e + 4?
42
In base 9, what is 438 - 11?
427
In base 7, what is 50 - 22?
25
In base 10, what is 3 - 63?
-60
In base 7, what is 21003 + -3?
21000
In base 6, what is -4 + -41?
-45
In base 10, what is 1 + -13?
-12
In base 14, what is a - 20?
-14
In base 3, what is -220120021 - -11?
-220120010
In base 9, what is -862 + -4?
-866
In base 12, what is 44 + 10?
54
In base 15, what is 317 + 25?
33c
In base 2, what is -10011000 + -101?
-10011101
In base 4, what is -1 + 100131?
100130
In base 13, what is -7b + -2?
-80
In base 4, what is -2 - 1223?
-1231
In base 16, what is 210 + -8?
208
In base 9, what is -13308 + 0?
-13308
In base 11, what is 4 - -24?
28
In base 8, what is -5242 + -4?
-5246
In base 14, what is -161 - 3?
-164
In base 7, what is 0 + -43?
-43
In base 13, what is 99 + -18?
81
In base 15, what is -3 - -178?
175
In base 8, what is -41 + -5?
-46
In base 8, what is 56207 + -1?
56206
In base 5, what is -311 + -201?
-1012
In base 6, what is 1 + 33?
34
In base 14, what is 23 + -26?
-3
In base 5, what is -2121 - -3?
-2113
In base 4, what is -323312 - 2?
-323320
In base 5, what is -1430 + -32?
-2012
In base 3, what is -201 - 210?
-1111
In base 12, what is 3 + 2a?
31
In base 11, what is -2 + -2440?
-2442
In base 4, what is -10121 - -11?
-10110
In base 2, what is -10000101111110 + -101?
-10000110000011
In base 4, what is 2 + -2302?
-2300
In base 12, what is -87 - -68?
-1b
In base 6, what is -1335 + -11?
-1350
In base 7, what is 526 + 151?
1010
In base 9, what is -24 - 1016?
-1041
In base 9, what is -12 - -1?
-11
In base 6, what is -4 + 4314?
4310
In base 13, what is 211 + -4?
20a
In base 11, what is 1 - 604?
-603
In base 5, what is -142 + 1400?
1203
In base 6, what is 35 + 30?
105
In base 3, what is 11 + 122202?
122220
In base 4, what is 322 + -11?
311
In base 11, what is 10 - -1?
11
In base 5, what is 12 - -4?
21
In base 9, what is -17 + -20?
-37
In base 6, what is -3 - 353?
-400
In base 2, what is 11 + -111110?
-111011
In base 4, what is 33101 + -3?
33032
In base 4, what is -10301 + -2?
-10303
In base 7, what is 3 + 4341?
4344
In base 5, what is -10 - 114?
-124
In base 16, what is -3 + -3fd?
-400
In base 5, what is -23 - -102?
24
In base 6, what is -3 + 4?
1
In base 16, what is -3f + 7?
-38
In base 14, what is 5 + -5c3?
-5bc
In base 16, what is 3 + -a?
-7
In base 4, what is 3 - -211?
220
In base 8, what is 104 - -2?
106
In base 11, what is a4 - 2?
a2
In base 3, what is 2101 + -12111?
-10010
In base 8, what is -12 - 1156?
-1170
In base 12, what is -1 + -8?
-9
In base 14, what is -1 + 62?
61
In base 2, what is -1110001 - -11010?
-1010111
In base 3, what is -100 + 12100?
12000
In base 9, what is -1 - 135?
-136
In base 12, what is -2 + -a0?
-a2
In base 7, what is -54 + -6?
-63
In base 13, what is b - 273?
-265
In base 7, what is -13113 - 10?
-13123
In base 3, what is 1202 - -10?
1212
In base 13, what is 5 - 3c5?
-3c0
In base 9, what is 5411 - 2?
5408
In base 13, what is -117 + -15?
-12c
In base 2, what is 0 - -1111010?
1111010
In base 12, what is 383 + 8?
38b
In base 5, what is 4 - 2132?
-2123
In base 8, what is -1152 + -2?
-1154
In base 16, what is -7 - -14b?
144
In base 12, what is -3 + 3?
0
In base 14, what is -4 + -2ad?
-2b3
In base 7, what is 10 + -2?
5
In base 11, what is -5 - -329?
324
In base 5, what is 10 - -4433?
4443
In base 13, what is a + -2a?
-20
In base 7, what is 11 - 233?
-222
In base 3, what is 1102 - 102?
1000
In base 12, what is -19 - -19?
0
In base 3, what is 12 + 12112221?
12120010
In base 2, what is -1101 - -1011?
-10
In base 2, what is 101100001 - -10?
101100011
In base 3, what is -2210 + -21?
-10001
In base 14, what is -1 + 77?
76
In base 11, what is -137 + -18?
-154
In base 9, what is 75 + 27?
113
In base 9, what is -87 + 28?
-58
In base 10, what is 8908 + -3?
8905
In base 9, what is 284 + -18?
265
In base 7, what is -306 - -125?
-151
In base 7, what is 221 + -3?
215
In base 9, what is 1702 + 1?
1703
In base 13, what is -2 - -33?
31
In base 11, what is 3 - -a?
12
In base 10, what is 2 - 31?
-29
In base 5, what is -330 + 14?
-311
In base 12, what is 245 - 2?
243
In base 3, what is -1221 + -10?
-2001
In base 8, what is 351 - 103?
246
In base 10, what is 5 - 4?
1
In base 16, what is -2 - 77?
-79
In base 15, what is 60c + -2?
60a
In base 7, what is 1 + -15421?
-15420
In base 2, what is -11001 - -11111?
110
In base 7, what is -5 - -555?
550
In base 3, what is -1 - 21110?
-21111
In base 3, what is 11 - 0?
11
In base 8, what is 1050 - -26?
1076
In base 11, what is -4a7 + 4?
-4a3
In base 8, what is -1020 + 31?
-767
In base 4, what is 22 + -3222?
-3200
In base 3, what is -10 - -12212?
12202
In base 14, what is -7c5 + -3?
-7c8
In base 8, what is 714 + 1?
715
In base 4, what is -30233 - -1?
-30232
In base 9, what is 32 - -34?
66
In base 10, what is -3 + -7?
-10
In base 13, what is -7 - 34?
-3b
In base 11, what is 1 - 531?
-530
In base 10, what is 538 - 4?
534
In base 13, what is 146 - 0?
146
In base 15, what is 6 + -9b?
-95
In base 9, what is 7 - 25?
-17
In base 8, what is 457 - -5?
464
In base 16, what is -d - -d?
0
In base 10, what is 0 + 25?
25
In base 11, what is 297 + -2?
295
In base 10, what is 126 + -2?
124
In base 3, what is -112212 - 2?
-112221
In base 15, what is 21 - 1?
20
In base 14, what is -1 + -c0?
-c1
In base 13, what is 24 - a?
17
In base 13, what is 0 + -23a?
-23a
In base 15, what is -3 + -13d?
-141
In base 9, what is -122 - 0?
-122
In base 4, what is 121030 - -2?
121032
In base 10, what is 7 - 2485?
-2478
In base 3, what is 11 - -2000?
2011
In base 13, what is -32 - b?
-40
In base 2, what is 10100111 + 11010?
11000001
In base 9, what is -1 + -105?
-106
In base 15, what is -17b - 1?
-17c
In base 4, what is 10200 - 1?
10133
In base 8, what is 3 - -702?
705
In base 14, what is 61 + -2?
5d
In base 2, what is -1 + 1011110000?
1011101111
In base 16, what is -17d3 + 1?
-17d2
In base 4, what is -10 + 212122?
212112
In base 14, what is -1 + -3d5?
-3d6
In base 15, what is -67 + 2?
-65
In base 5, what is 211 + 223?
434
In base 8, what is -5 - -201?
174
In base 8, what is -13 + 707?
674
In base 14, what is -279 - 7?
-282
In base 5, what is -4132 + 4?
-4123
In base 6, what is 14322 - -5?
14331
In base 3, what is 22 - 201012?
-200220
In base 15, what is c92 + -4?
c8d
In base 8, what is -66 - -3?
-63
In base 6, what is -10 - -10435?
10425
In base 9, what is -1 - 203?
-204
In base 9, what is 431 + -2?
428
In base 9, what is 41161 - 5?
411